s 232995215189 composite?
True
Is 545350063 composite?
True
Is 66178073591 a prime number?
False
Is 261270683 composite?
True
Is 7091649689 a prime number?
True
Is 1762351819 prime?
True
Is 7011588377 a composite number?
False
Is 27226406803 a prime number?
True
Is 59546813 prime?
True
Is 132274889 prime?
False
Is 1966711969 a composite number?
True
Is 1406333893 a prime number?
True
Is 87347056483 prime?
True
Is 882912839 a composite number?
False
Is 494359193 prime?
True
Is 692821931 prime?
True
Is 776457053 composite?
True
Is 410702826251 composite?
False
Is 638569297 a composite number?
False
Is 1448948237 a composite number?
True
Is 73680290531 a prime number?
True
Is 133347251 composite?
False
Is 207334111 composite?
True
Is 370866623 a composite number?
False
Is 918502861 prime?
False
Is 2613312067 composite?
False
Is 7440651429 prime?
False
Is 151935767 composite?
False
Is 1394069423 composite?
True
Is 137486137 a composite number?
False
Is 17732895163 prime?
False
Is 1942047215 prime?
False
Is 58603749 composite?
True
Is 22676141939 a prime number?
False
Is 4120060367 a composite number?
False
Is 120928545427 composite?
False
Is 1913441233 composite?
True
Is 61278571 prime?
False
Is 801302077 composite?
False
Is 45544273549 composite?
False
Is 444202613 a prime number?
False
Is 2920509661 prime?
False
Is 15774775157 a prime number?
True
Is 27759851233 prime?
True
Is 12845656441 a prime number?
True
Is 12588448163 composite?
True
Is 633735829 prime?
True
Is 4344495283 composite?
False
Is 9776311 a prime number?
False
Is 43810930453 a composite number?
False
Is 102835546859 a composite number?
True
Is 556610347 composite?
True
Is 9787088269 a prime number?
False
Is 1784329871 prime?
True
Is 784577554 prime?
False
Is 2672953453 a prime number?
True
Is 23396013023 a prime number?
True
Is 106133577101 prime?
True
Is 4698913955 prime?
False
Is 73961453 a composite number?
False
Is 6247031577 a composite number?
True
Is 11458291 a prime number?
False
Is 71576883731 prime?
True
Is 37692776281 a composite number?
True
Is 10647119137 prime?
True
Is 277146031 prime?
False
Is 9003823 a prime number?
False
Is 291834547 a prime number?
False
Is 139223141 prime?
True
Is 9811526477 a composite number?
False
Is 510220457 a prime number?
True
Is 6585304049 prime?
True
Is 12413382329 composite?
False
Is 15851419747 prime?
False
Is 729164803 prime?
False
Is 1534759883 a composite number?
True
Is 6942396887 composite?
True
Is 491190047 a composite number?
True
Is 976610923 composite?
True
Is 9138446129 composite?
True
Is 175658723 prime?
False
Is 926086921 prime?
False
Is 520015373 a composite number?
True
Is 12172733861 a composite number?
True
Is 2198890979 a composite number?
True
Is 9569424451 composite?
False
Is 7668655963 prime?
False
Is 8526237887 prime?
False
Is 785122233769 composite?
False
Is 5778620641 prime?
True
Is 390894073 prime?
False
Is 22963736819 prime?
False
Is 67748748421 composite?
False
Is 58221302582 composite?
True
Is 27876311093 prime?
True
Is 2411043529 a composite number?
True
Is 15073047779 composite?
False
Is 16949023295 a prime number?
False
Is 6250328573 a composite number?
False
Is 6971538323 a prime number?
False
Is 18843333563 a composite number?
True
Is 4019169449 a composite number?
True
Is 4292010929 a composite number?
True
Is 12371145911 prime?
True
Is 936408403 prime?
False
Is 18534972161 a composite number?
False
Is 16625153953 a composite number?
False
Is 10086704483 a prime number?
True
Is 57636696911 a composite number?
True
Is 9311638823 a composite number?
False
Is 128671579709 a composite number?
False
Is 7012302967 prime?
True
Is 147312989 prime?
True
Is 2809418327 a composite number?
True
Is 20072134393 composite?
True
Is 43531706749 prime?
True
Is 11017952713 a prime number?
True
Is 2144940757 a prime number?
True
Is 575669137 prime?
True
Is 582519877 composite?
True
Is 32124600731 composite?
True
Is 7220658937 prime?
False
Is 4434069649 a prime number?
False
Is 19004934043 a composite number?
False
Is 27592979 prime?
False
Is 4763462699 a composite number?
False
Is 1003802753 a prime number?
True
Is 28813946531 composite?
False
Is 1577254573 a prime number?
True
Is 3660144461 prime?
False
Is 14925010147 a prime number?
False
Is 164057355467 a composite number?
True
Is 8360388787 prime?
False
Is 2818476785 a prime number?
False
Is 6342586547 a prime number?
False
Is 3524032091 prime?
True
Is 19460456731 a composite number?
False
Is 18976920323 a composite number?
True
Is 4159564703 a prime number?
False
Is 6775420903 a composite number?
False
Is 44718052469 prime?
True
Is 1058491895 prime?
False
Is 249950329 a prime number?
True
Is 38345253917 a composite number?
True
Is 48596829857 a prime number?
True
Is 1129374041 a prime number?
False
Is 65684024767 composite?
False
Is 29341173877 a prime number?
False
Is 21133477 a prime number?
True
Is 186684913 a prime number?
True
Is 6755540867 a prime number?
True
Is 65590370831 a prime number?
True
Is 824286847 composite?
True
Is 861259999 prime?
True
Is 2369587973 composite?
False
Is 180940729 prime?
False
Is 12559265617 a composite number?
False
Is 1845314791 prime?
False
Is 67881823 a composite number?
False
Is 428614427 a composite number?
False
Is 770019911 a composite number?
False
Is 640351111 prime?
True
Is 1476826297 a composite number?
True
Is 51134109361 a prime number?
True
Is 3729522161 composite?
True
Is 3006508487 a composite number?
True
Is 49802383 composite?
True
Is 48942809 a composite number?
True
Is 165267931 prime?
False
Is 596158529 a prime number?
False
Is 352356239 a composite number?
False
Is 28329125731 a prime number?
False
Is 236613427 composite?
False
Is 288073969 a composite number?
True
Is 12085859803 a composite number?
False
Is 26255435567 a prime number?
False
Is 16527307351 prime?
True
Is 405709231 a composite number?
True
Is 239794202507 a prime number?
False
Is 1891191793 a prime number?
True
Is 12884329519 a composite number?
True
Is 88464773 prime?
False
Is 58676363 a prime number?
False
Is 1332819221 a prime number?
True
Is 300688021 a composite number?
False
Is 183734017 a composite number?
False
Is 91172595985 composite?
True
Is 119767717 prime?
True
Is 317303647495 a prime number?
False
Is 105549259 a composite number?
False
Is 755012617 composite?
True
Is 151014613 a composite number?
False
Is 813077231 a prime number?
True
Is 1308989509 prime?
True
Is 1718787743 a composite number?
True
Is 7259625833 a composite number?
False
Is 965350949 prime?
True
Is 5678775983 composite?
False
Is 1492549967 a composite number?
False
Is 34747079801 prime?
False
Is 1657858907 prime?
True
Is 1801635419 a prime number?
True
Is 2768673191 composite?
False
Is 1661762807 composite?
True
Is 73199309513 a composite number?
True
Is 1140719557 a composite number?
True
Is 2006017111 prime?
False
Is 1989928147 a composite number?
True
Is 18886597421 a prime number?
True
Is 20076273641 a composite number?
True
Is 36082474507 a composite number?
True
Is 16433034217 composite?
False
Is 4231215943 a composite number?
False
Is 2788186549 a composite number?
True
Is 5242009907 composite?
True
Is 111308779655 composite?
True
Is 62219474209 composite?
False
Is 53097960869 a composite number?
False
Is 314717521 prime?
False
Is 141926441 composite?
True
Is 3066587749 a prime number?
True
Is 1942980577 a composite number?
True
Is 723431887 prime?
True
Is 2024203603 composite?
False
Is 38015159089 prime?
True
Is 1186579349 a composite number?
False
Is 7045981099 composite?
True
Is 11367787619 a prime number?
True
Is 1900876411 a prime number?
False
Is 2024098213 composite?
True
Is 1595960617 prime?
False
Is 2274177797 prime?
True
Is 928061369 a composite number?
False
Is 16534057 a composite number?
True
Is 4134634793 composite?
False
Is 20138976227 composite?
False
Is 7596858283 a composite number?
True
Is 15407961141 prime?
False
Is 2856562427 a composite number?
True
Is 4869234779 a composite number?
False
Is 2674181998 composite?
True
Is 10336109179 a composite number?
True
Is 2412932293 a composite number?
True
Is 838985923 a prime number?
True
Is 29934394537 composite?
False
Is 2019908479 prime?
True
Is 32598681719 a composite number?
False
Is